rime factors of o.
2
Let x = 12 + -8. Suppose -56 = -5*k - 4*f, 4*k - 3*k + x*f - 8 = 0. List the prime factors of k.
2, 3
Let s(x) = 2*x - 2. Let j be s(5). Let y = j + 8. List the prime factors of y.
2
List the prime factors of (-399)/(-9) - 2/6.
2, 11
Let d be (-2)/(-1) - (6 + 0). Let u(l) = 4*l**2 - 3. Let s be u(d). Suppose -2*p - x = 2*p - s, -25 = -5*x. What are the prime factors of p?
2, 7
Suppose -4*k + 5*x + 17 = -1, 5*k + 5*x = 0. Let h be ((-8)/k)/(-3 + 1). What are the prime factors of (h + 7)*(-4)/(-6)?
2, 3
Suppose -5*g = -g - 8. Let s be 1 - (-2)/(-1) - 2. Let c = g - s. What are the prime factors of c?
5
Suppose c + 4*c + 33 = w, 3*w = -5*c + 179. List the prime factors of w.
53
Suppose -63 = -4*p - 23. Suppose -n = 8 - 4. Let k = n + p. What are the prime factors of k?
2, 3
Let m = -14 - -58. What are the prime factors of m?
2, 11
Let f be 82/2 + 2 + 3. Let z = f - 17. List the prime factors of z.
29
Suppose -5*u - 5*o = 0, 4*o - 5*o - 4 = -u. Suppose u*d - 70 = -3*d. List the prime factors of d.
2, 7
Let s be 60/(-14) + (-10)/(-35). List the prime factors of 2/1*(-38)/s.
19
Suppose -8*d = -4*d - 36. List the prime factors of (-2)/d + (-152)/(-36).
2
Suppose -16 + 4 = -2*n. Let z(l) = 4*l + 4. Let m be z(n). List the prime factors of (-8)/m - (-23)/7.
3
Let z = -164 - -357. What are the prime factors of z?
193
Suppose 49 = 4*y - 159. What are the prime factors of (-15)/6*y/(-10)?
13
Let z be 375/55 - (-4)/22. Suppose z*h - 9*h = -44. What are the prime factors of h?
2, 11
Suppose -5*w + 4*h = -32, -2*w + 3*h + 10 = -0*h. List the prime factors of w.
2
Suppose 4*a = -3*b + 314, -5*b - 4*a + 526 = -0*a. What are the prime factors of b?
2, 53
Let m be 314/(-14) - (-12)/28. Let f = 38 + m. List the prime factors of f.
2
Suppose f - 84 = -3*f - 4*b, -53 = -3*f - b. Suppose 4*h - h = 5*l - 16, 3*l = 5*h + f. Suppose 27 = a + l*a. What are the prime factors of a?
3
Let t = -61 + 87. Suppose 5*v - 9 = t. List the prime factors of v.
7
Let k be -2 + (0 + 1 - 0). Let l = k + 7. Let t(p) = p**3 - 5*p**2 - 4*p + 3. What are the prime factors of t(l)?
3, 5
Let d(l) = -l**3 - 6*l**2 + 7*l + 3. Suppose 3*y + 16 = -2. Let f be d(y). Let k = -23 - f. List the prime factors of k.
2
Suppose -c - 2 = -2*c. Suppose 4*p + 0*i - i - 64 = 0, p = -c*i + 7. List the prime factors of p.
3, 5
Let w(v) = v**3 - v**2 - 5*v + 2. Let c be w(3). Suppose 0*z + 3*z + k = -1, 0 = c*z - 4*k - 21. Let n(f) = 9*f**3 - f. What are the prime factors of n(z)?
2
Let d(g) = g**3 + 3*g**2 - 2*g - 3. Let q be d(-2). Let w be (-102)/q*(-35)/14. Let m = w - 33. What are the prime factors of m?
2, 3
Let x(v) = v**2 - 3*v + 29. List the prime factors of x(12).
137
Let y = 11 - 7. Suppose -2*l = -4*l - y. What are the prime factors of l/((2 - -1)/(-6))?
2
List the prime factors of 3 - ((-318)/1 - 2).
17, 19
Let l(x) = -x + 11. Let r be l(9). Suppose 0*q - r*q = -18. What are the prime factors of q?
3
Let w be 1*-3 + 27/3. Suppose -2*r + w*r = -v + 29, 3*r - 105 = -3*v. What are the prime factors of v?
37
Let o be (2 - 3)/(2/4). Let c = o + 7. Suppose n = -3*v + 12, -3*n = 2*n + c*v - 30. What are the prime factors of n?
3
Suppose 69 - 325 = -4*l. List the prime factors of l.
2
Suppose -17*r + 5*r + 1044 = 0. What are the prime factors of r?
3, 29
Suppose -5 - 79 = 4*q. Let r = q + 35. What are the prime factors of r?
2, 7
Let v(d) = -6*d - d**2 + 0*d + 4 + 0 - 7. Let t be v(-5). Suppose t = 2*x - 10. List the prime factors of x.
2, 3
Let y = 28 + 4. Suppose y = l + l. List the prime factors of l.
2
Let o(n) = n**2 - 12*n + 6. Let y(u) = -u. Let p(i) = o(i) - 6*y(i). What are the prime factors of p(6)?
2, 3
Suppose 0 = 3*i - 114 - 495. What are the prime factors of i?
7, 29
Let n be 0/2 - (-48 + 2). Let v = n - 27. What are the prime factors of v?
19
What are the prime factors of -2 - (1 + -1 - 301)?
13, 23
Let y(c) = 3*c - 1. Let d be y(7). Let j be d/(-8)*18/(-15). Suppose 0 = j*r + 4*n - 50, -5*r + 4*r - n = -15. What are the prime factors of r?
2, 5
List the prime factors of (8/(-12))/((-2)/372).
2, 31
Let i be (-7 - -3)/(-2) - -1. Suppose 40 = i*g - 44. List the prime factors of g.
2, 7
Suppose -2*x = 3*x + 2*f + 33, -4*f = 5*x + 41. Let w(g) = -g**2 - 6*g - 1. Let p be w(x). Suppose 3*b - b = p. List the prime factors of b.
2
Let m = 2 + 7. Let j = m + -7. List the prime factors of j.
2
Let q be -4*(-16)/(2 + -6). Let i = q + 28. List the prime factors of i.
2, 3
Let d be ((-10)/(-8))/((-5)/(-20)). Suppose 2*c - 3 - d = 0. List the prime factors of (-40)/c*(-16)/10.
2
Suppose -36 = -2*m - m. Let i = m + 1. What are the prime factors of i?
13
Suppose 3*m + m = 4*y - 4, 3*m - 4*y + 5 = 0. What are the prime factors of (1/3)/(m/30)?
2, 5
Suppose x + 3*x - 72 = 0. Let l be 2 + -1*(-9 - -1). Let g = x - l. What are the prime factors of g?
2
What are the prime factors of (16/(-10))/(21/(-525))?
2, 5
Let z = 79 + -12. What are the prime factors of z?
67
Suppose 20*z = 17*z + 102. What are the prime factors of z?
2, 17
Suppose -4*v = -734 - 542. List the prime factors of v.
11, 29
Let m be (-165)/(-35) - 4/(-14). Let t be (-66)/10 + (-2)/m. Let v = t - -17. What are the prime factors of v?
2, 5
Suppose -t - 6*t + 21 = 0. What are the prime factors of t?
3
Suppose -o - 5*y + 0 + 22 = 0, 5*y - 10 = 5*o. Suppose 0 = o*d - 2, 5*u - 24 = -5*d + 1. What are the prime factors of u?
2
Let p = 46 + -30. What are the prime factors of p?
2
Suppose -m = -5*m - 16. What are the prime factors of ((-10)/m)/(2/20)?
5
List the prime factors of ((-93)/(-6))/((-1)/(-7*2)).
7, 31
Let s(q) = 10*q - 2. Let u be s(3). Suppose m + 74 = 4*p - p, u = p + 3*m. List the prime factors of p.
5
Let g = 69 - 31. List the prime factors of g.
2, 19
Let l = 54 + -38. List the prime factors of l.
2
Let k = -13 + 25. List the prime factors of k.
2, 3
Suppose -h + 126 = h. Suppose 0*d - d + 84 = 4*o, -h = -3*o + d. List the prime factors of o.
3, 7
Let x(q) = -q**3 - q**2 + 2*q - 3. Let y(r) = 0*r + r + r**3 - 16 + 6 - 7*r**2. Let v be y(7). What are the prime factors of x(v)?
3
Let q(m) = -52*m. Let b be q(-1). Suppose -7*s - b = -9*s. What are the prime factors of s?
2, 13
Let d(a) = 2 - 7*a + 3*a + 3*a. List the prime factors of d(-13).
3, 5
Let j be (-2)/(4/6)*-15. Suppose -4*g + j = g. What are the prime factors of g?
3
Let o be (0 - 3) + 4 + 2. Suppose -o*a + 6*a + 2*l - 14 = 0, 0 = -l - 5. What are the prime factors of a?
2
Let l be ((-4)/2 - -2)/(-2). Suppose 5*s - 5*b = 85, 0*b - 5*b - 10 = l. What are the prime factors of s?
3, 5
Suppose z - 12 = -3*z, 3*v - 4*z + 18 = 0. Let p be -3 + -2*2/v. Let w = 13 + p. List the prime factors of w.
2, 3
Suppose 5*d = m - 1 - 1, 2*d - 2 = -m. Let f = d + 5. What are the prime factors of f?
5
Let r = 217 - 58. What are the prime factors of r?
3, 53
Suppose 2*p = -p - 123. Let o = p + 60. List the prime factors of o.
19
Let z be 30/3*1/1. Suppose -6*q = -11 + 5. List the prime factors of z - -1 - (q + -1).
11
Suppose -4*j = 20, -3*w + 2*w - 2*j = 12. Let n(y) = 9*y**2 + 4*y + 2. What are the prime factors of n(w)?
2, 3, 5
Suppose -4*j + 64 = 16. Let z(l) = -l**2 + 13*l + 3. List the prime factors of z(j).
3, 5
Let b = 101 + -58. What are the prime factors of b?
43
Let s = 96 - 59. List the prime factors of s.
37
Let h be 53 + 2/4*4. Let k = 35 - h. Let m = -11 - k. What are the prime factors of m?
3
Let s(w) = w**3 + 5*w**2 + 3*w - 2. Let o be s(-3). Suppose o*p = 6*p + 2. Suppose -2*c + x - p*x = -16, 0 = -5*x. What are the prime factors of c?
2
Let s(q) = -q**2 - 10*q - 5. Suppose -f + 5*k + 1 = 5, -4*f + 56 = -2*k. Suppose 2*u + f = -2*u. List the prime factors of s(u).
19
Let s = 17 - 8. Suppose -2*q = -3*k + 1, -3*q = 4*k - 20 - 4. Let o = s - q. List the prime factors of o.
5
What are the prime factors of 4/6 - (-32)/24?
2
Suppose -3*y - 13 = -3*f - 4, 5*f - 27 = -y. Let o = 0 + f. What are the prime factors of o?
5
Let s = 33 - -12. What are the prime factors of s?
3, 5
Let x(y) = y + 9. Let f be x(-5). Let c = -2 + f. Suppose 4*j - q + c - 50 = 0, j - 3*q - 12 = 0. List the prime factors of j.
2, 3
Suppose -3*q - 2*q - 5*j = 20, q = -4*j - 10. List the prime factors of 13 + (q - -2)*1.
13
Let i be (-24)/9*(-3)/2. Suppose i = 3*u + 34. What are the prime fac